e tens digit of 2042?
4
What is the ten thousands digit of 10325?
1
What is the tens digit of 17566?
6
What is the thousands digit of 1515?
1
What is the ten thousands digit of 22892?
2
What is the tens digit of 28?
2
What is the tens digit of 822?
2
What is the hundreds digit of 56842?
8
What is the thousands digit of 27075?
7
What is the units digit of 97354?
4
What is the units digit of 199?
9
What is the hundreds digit of 13233?
2
What is the hundreds digit of 5909?
9
What is the units digit of 1431?
1
What is the ten thousands digit of 19355?
1
What is the hundreds digit of 132?
1
What is the thousands digit of 2216?
2
What is the tens digit of 3268?
6
What is the units digit of 430?
0
What is the thousands digit of 32679?
2
What is the units digit of 1687?
7
What is the thousands digit of 2309?
2
What is the tens digit of 7156?
5
What is the thousands digit of 3996?
3
What is the ten thousands digit of 19583?
1
What is the hundreds digit of 50018?
0
What is the units digit of 158671?
1
What is the units digit of 139766?
6
What is the tens digit of 4240?
4
What is the thousands digit of 19010?
9
What is the tens digit of 1641?
4
What is the thousands digit of 98554?
8
What is the ten thousands digit of 37724?
3
What is the tens digit of 959?
5
What is the tens digit of 202?
0
What is the hundreds digit of 18409?
4
What is the hundreds digit of 2046?
0
What is the ten thousands digit of 13071?
1
What is the ten thousands digit of 16331?
1
What is the hundreds digit of 2769?
7
What is the units digit of 382?
2
What is the hundreds digit of 1422?
4
What is the thousands digit of 27799?
7
What is the tens digit of 32166?
6
What is the thousands digit of 1232?
1
What is the tens digit of 16382?
8
What is the units digit of 2703?
3
What is the hundreds digit of 28770?
7
What is the hundreds digit of 16722?
7
What is the tens digit of 33035?
3
What is the ten thousands digit of 52150?
5
What is the ten thousands digit of 154364?
5
What is the units digit of 12987?
7
What is the hundreds digit of 55628?
6
What is the hundreds digit of 9525?
5
What is the hundreds digit of 4378?
3
What is the tens digit of 2267?
6
What is the ten thousands digit of 36963?
3
What is the units digit of 8073?
3
What is the tens digit of 260?
6
What is the thousands digit of 1552?
1
What is the tens digit of 49043?
4
What is the units digit of 57221?
1
What is the units digit of 808?
8
What is the thousands digit of 3878?
3
What is the tens digit of 13988?
8
What is the hundreds digit of 52138?
1
What is the tens digit of 16918?
1
What is the hundreds digit of 384?
3
What is the ten thousands digit of 76100?
7
What is the tens digit of 167?
6
What is the units digit of 42154?
4
What is the units digit of 5460?
0
What is the units digit of 30314?
4
What is the units digit of 5229?
9
What is the tens digit of 20996?
9
What is the units digit of 22093?
3
What is the ten thousands digit of 10521?
1
What is the hundreds digit of 66178?
1
What is the tens digit of 2527?
2
What is the thousands digit of 34958?
4
What is the tens digit of 1601?
0
What is the thousands digit of 12578?
2
What is the units digit of 48?
8
What is the tens digit of 1077?
7
What is the units digit of 6094?
4
What is the units digit of 14527?
7
What is the thousands digit of 4120?
4
What is the hundreds digit of 3741?
7
What is the tens digit of 3762?
6
What is the tens digit of 760?
6
What is the units digit of 289?
9
What is the thousands digit of 25892?
5
What is the tens digit of 1876?
7
What is the tens digit of 1247?
4
What is the hundreds digit of 18331?
3
What is the units digit of 406?
6
What is the tens digit of 144?
4
What is the thousands digit of 1338?
1
What is the tens digit of 28293?
9
What is the thousands digit of 41813?
1
What is the units digit of 59442?
2
What is the hundreds digit of 3729?
7
What is the tens digit of 36596?
9
What is the hundreds digit of 422?
4
What is the thousands digit of 1825?
1
What is the units digit of 797?
7
What is the tens digit of 33783?
8
What is the tens digit of 25600?
0
What is the thousands digit of 89723?
9
What is the thousands digit of 2167?
2
What is the thousands digit of 115420?
5
What is the ten thousands digit of 34946?
3
What is the units digit of 16910?
0
What is the thousands digit of 9503?
9
What is the tens digit of 116363?
6
What is the hundreds digit of 143938?
9
What is the ten thousands digit of 80640?
8
What is the ten thousands digit of 55406?
5
What is the hundreds digit of 38159?
1
What is the thousands digit of 13999?
3
What is the tens digit of 1034?
3
What is the ten thousands digit of 19241?
1
What is the tens digit of 1865?
6
What is the hundreds digit of 23402?
4
What is the hundreds digit of 2465?
4
What is the tens digit of 296?
9
What is the hundreds digit of 84962?
9
What is the hundreds digit of 50785?
7
What is the units digit of 47223?
3
What is the tens digit of 75365?
6
What is the hundreds digit of 5729?
7
What is the ten thousands digit of 10064?
1
What is the units digit of 9387?
7
What is the units digit of 9932?
2
What is the hundreds digit of 3502?
5
What is the tens digit of 1676?
7
What is the ten thousands digit of 64593?
6
What is the hundreds digit of 8342?
3
What is the tens digit of 104?
0
What is the thousands digit of 18559?
8
What is the ten thousands digit of 30390?
3
What is the hundreds digit of 69082?
0
What is the thousands digit of 28440?
8
What is the tens digit of 364?
6
What is the hundreds digit of 2883?
8
What is the hundreds digit of 26098?
0
What is the thousands digit of 3109?
3
What is the tens digit of 2095?
9
What is the units digit of 6093?
3
What is the tens digit of 2786?
8
What is the hundreds digit of 3056?
0
What is the hundreds digit of 732?
7
What is the units digit of 4163?
3
What is the units digit of 17296?
6
What is the hundreds digit of 57302?
3
What is the thousands digit of 9067?
9
What is the units digit of 4131?
1
What is the hundreds digit of 27656?
6
What is the hundreds digit of 6349?
3
What is the tens digit of 15292?
9
What is the tens digit of 2812?
1
What is the units digit of 3060?
0
What is the hundreds digit of 3219?
2
What is the units digit of 2560?
0
What is the thousands digit of 1113?
1
What is the thousands digit of 1402?
1
What is the thousands digit of 6888?
6
What is the units digit of 914?
4
What is the tens digit of 451?
5
What is the thousands digit of 2432?
2
What is the thousands digit of 1591?
1
What is the units digit of 2466?
6
What is the hundreds digit of 302?
3
What is the units digit of 16258?
8
What is the ten thousands digit of 143688?
4
What is the tens digit of 23383?
8
What is the units digit of 1950?
0
What is the units digit of 6165?
5
What is the tens digit of 1360?
6
What is the units digit of 447?
7
What is the hundreds digit of 632?
6
What is the thousands digit of 4889?
4
What is the hundreds digit of 2207?
2
What is the tens digit of 26952?
5
What is the thousands digit of 5568?
5
What is the units digit of 45138?
8
What is the hundreds digit of 45758?
7
What is the tens digit of 31853?
5
What is the units digit of 380?
0
What is the units digit of 1580?
0
What is the units digit of 128?
8
What is the tens digit of 14488?
8
What is the tens digit of 31796?
9
What is the tens digit of 17414?
1
What is the hundreds digit of 5617?
6
What is the hundreds digit of 85679?
6
What is the tens digit of 31597?
9
What is the tens digit of 1329?
2
What is the hundred thousands digit of 118402?
1
What is the hundreds digit of 1312?
3
What is the hundreds digit of 3081?
0
What is the hundred thousands digit of 105053?
1
What is the thousands digit of 5275?
5
What is the tens digit of 3281?
8
What is the hundreds digit of 2231?
2
What is the hundreds digit of 8592?
5
What is the tens digit of 936?
3
What is the units digit of 1397?
7
What is the thousands digit of 11218?
1
What is the ten thousands digit of 14875?
1
What is the hundreds digit of 83825?
8
What is the thousands digit of 2065?
2
What is the hundreds digit of 78288?
2
What is the hundreds digit of 9492?
4
What is the tens digit of 41303?
0
What is the thousands digit of 64068?
4
What is the units digit of 6065?
5
What is the hundreds digit of 21052?
0
What is the 